 + (1 - 0) - -7) + -4?
2
(-5 - 2) + -2 + (-5 - -10)
-4
What is 3 - (-2 + 0 - -1 - -3)?
1
What is (5 - (6 - -3 - 5)) + -2?
-1
Evaluate -4 - (-1 + (-13 - -9)).
1
Calculate 2 + (2 - 1) + 3 + -4.
2
Calculate -21 - -25 - (0 - (1 - 10)).
-5
Calculate -44 + 42 + (-2 + 1 - 0).
-3
0 - -5 - (2 + 7 + -11)
7
-4 + -8 + 5 + 7
0
Evaluate -27 + 39 - (7 + 1).
4
What is the value of -4 + (8 - 12) + 5?
-3
Calculate 5 + -4 + 8 + (5 - 11).
3
What is -1 - (4 + (-4 - -3) - 1)?
-3
What is 1 - (-3 - (4 - 3))?
5
-5 + 2 - (-5 + 2) - 3
-3
Evaluate 6 - ((-16 - -9) + 3).
10
Evaluate 0 - ((-7 - -4) + -5).
8
What is the value of 7 - 4 - 6 - 5 - -6?
-2
4 + (-6 - -2) - (-2 - 0)
2
Evaluate (-2 - -10 - 2 - -3) + -2.
7
What is (-6 + -1 - (11 + -7)) + 6?
-5
Evaluate -3 - (-4 + (-2 - -7)) - 0.
-4
What is the value of 1 + (-3 + 1 - 3) + 1?
-3
What is 25 + -6 + -18 - (-2 + 0)?
3
Calculate 8 + -5 - (6 - 3).
0
Evaluate -10 - -7 - (4 - (-4 + 8)).
-3
1 - (-3 + 3 - -3 - 2)
0
What is the value of -7 - (-8 - -4) - (3 + -4)?
-2
-4 - (5 + -2) - -7
0
Evaluate 5 - (8 + 6 + -14).
5
What is the value of -13 - -11 - (0 + 2)?
-4
Evaluate 0 + 4 + -7 + -1 + 8.
4
What is (1 - 0) + 2 + -6?
-3
Evaluate 2 - (-6 + 3 + 8).
-3
1 + -7 - 3 - -1
-8
4 - (2 + (1 - 4))
5
(2 - 2) + (-2 - -1)
-1
6 + (1 - -4 - 6)
5
Evaluate 1 + -1 + 6 + -2 + -1.
3
Calculate -5 - (3 + 0 - (-1 - -12)).
3
-1 - -6 - (27 - 17)
-5
What is the value of (0 - (0 - (-1 - -1))) + -3?
-3
4 + -3 - (-3 - 0) - -3
7
What is (4 - 11 - -8) + 0 - -4?
5
What is -9 + 11 - 6 - 1?
-5
Calculate 11 - (-5 + (2 - -9)).
5
2 - (-3 - (1 - (3 + 1)))
2
What is the value of 0 + 2 - ((7 - 6) + -2)?
3
What is 7 + -2 + 1 + -9 + 7?
4
What is 1 - -1 - (-5 + (-2 - -8))?
1
Calculate (4 - 6) + 4 + (-2 - 1).
-1
1 + (-7 + 9 - 8)
-5
What is the value of (4 - (-14 + 3)) + -6 - 3?
6
(2 - -3) + -1 + -3
1
(1 - (3 + -2)) + -2
-2
What is -4 + 5 + -9 + 16?
8
What is (3 - 9) + 6 + -5?
-5
Calculate (22 - 24) + 7 + 1.
6
What is the value of (-17 - -7) + 10 + -6?
-6
What is the value of (-2 - 1) + (0 - 1) + -1?
-5
0 + (-4 - (4 - 7)) + 8
7
Calculate 6 - (2 + -3 - -2).
5
What is the value of 22 + -13 + (-2 - -1) + -4?
4
(-1 + 5 - 4) + -5
-5
-1 - -4 - (-3 + 6 + -3)
3
Evaluate 1 + 9 + 3 + -12.
1
What is the value of 8 + (2 - 0) - 5?
5
What is 11 - (-1 + -2 + 6)?
8
2 - (-3 - (4 - 8))
1
Calculate 0 + 2 + -6 + 9.
5
Calculate 2 - ((6 - -1) + (-22 - -11)).
6
What is the value of -1 + 0 - (0 + (-8 - -1))?
6
Calculate 2 + -5 + 6 - 5.
-2
-4 - -2 - (-2 - -4) - -4
0
Calculate (-35 - -35) + -5 + 1 + 6.
2
Calculate 2 + -9 - -1 - -11.
5
What is the value of 4 - (1 - -13 - 4)?
-6
Evaluate 5 - ((4 - (-3 + 2)) + -3).
3
What is 3 + (2 - -1) + (0 - -1)?
7
-9 + (5 - 18 - -26)
4
What is the value of -1 - (-6 - (5 + -7))?
3
What is the value of -11 - (-15 - -8) - -11?
7
What is (-8 - -2) + -5 + 15?
4
What is the value of -3 - (22 + -18 - (2 - -3))?
-2
Calculate 4 - (7 + -8) - 9.
-4
11 + (-2 - 7) - -4
6
Calculate -9 - (3 + -6 - 11).
5
Calculate -14 + 20 - (2 + -1).
5
What is the value of 2 + -1 + 0 + -1 + 3?
3
Evaluate 0 - -3 - (38 + -27).
-8
Calculate (-1 + 3 - 1) + (-3 - 0).
-2
Calculate -6 + 3 + -4 - -6.
-1
-3 + 1 + -4 - (-4 - -3)
-5
What is -9 + (4 - 2) + 6?
-1
Evaluate (-5 - 3) + 3 + 2 + -2.
-5
What is the value of -11 + 3 + 5 + 0 + 1?
-2
14 - (-11 - -15) - 5
5
What is 2 + 5 + 4 + -6?
5
0 + 1 - (12 + (-11 - 2))
2
Evaluate (3 - 12) + 3 - -1.
-5
9 - 24 - (-1 + 0 - 7)
-7
(0 + 0 - -2) + -2
0
Calculate 0 + (1 - (-2 - (0 + 3))).
6
What is (-3 - -1) + -2 + 6 + 3?
5
What is (0 - -2 - (-1 - -4)) + 3?
2
Evaluate 3 - (3 - (-11 - -5)) - -10.
4
-3 - (-7 - (7 - 14))
-3
Evaluate 5 - (-15 - -10 - (2 + -10)).
2
What is -3 + 13 + -3 + -6?
1
-25 - -31 - (0 + 1)
5
Calculate -2 - ((2 + 0 - 6) + 7).
-5
1 + 0 - (-2 - -6) - -7
4
1 + 1 + 0 + 3 + -5
0
0 - -2 - (-2 - -2)
2
Evaluate 205 - 198 - (-1 + 9).
-1
10 - (-17 - -11 - -16)
0
What is (-11 - -8) + (-2 - (-8 - 2))?
5
What is 0 - (-1 - -4 - 8) - 10?
-5
Evaluate (-1 - 2) + 4 + -3.
-2
-7 + 20 + -9 + (2 - 3)
3
Evaluate -2 - -1 - (-7 + 5).
1
What is -4 + 2 - (-4 + 2 - -2)?
-2
Evaluate -49 + 47 + (-2 + 2 - 1).
-3
13 + -15 - ((0 - -1) + 2)
-5
What is -1 + 2 + -2 + 4?
3
Calculate (-4 - 1) + -4 + 2 + 2.
-5
What is the value of 0 + (-13 - 0 - -6)?
-7
What is the value of (25 - 26) + (1 - 3)?
-3
Calculate -1 + (-23 + 26 - (2 - -3)).
-3
What is the value of 4 + -1 + 7 + -3?
7
What is 1 - (4 - ((-2 - -13) + -3))?
5
Evaluate (0 - -1) + (9 - 8) + -4.
-2
What is -2 + (-10 + 6 - -5)?
-1
What is -12 + (-3 - 3 - -13)?
-5
Evaluate -1 + 12 + -5 + -9.
-3
What is the value of (-2 - -1) + 78 + -70?
7
(-5 - -5) + (-2 - (1 + 0))
-3
Evaluate 0 - ((-5 - -9) + (-3 - 1)).
0
-3 + 4 - (10 + -15)
6
Calculate -2 + (-3 - (-2 - -3)) + 8.
2
-1 + (4 - (-10 + (-8 - -12)))
9
Calculate -4 + 12 + -8 + -9 + 5.
-4
What is the value of 2 + (10 + -5 - 5)?
2
What is -11 - -2 - -10 - -1?
2
Calculate 0 + -5 + -3 + 6.
-2
What is 3 - (-1 + -2) - 10 - -10?
6
Calculate (2 - (-1 + -2)) + (-16 - -5).
-6
-3 + 2 + 0 + -3
-4
Evaluate 3 + -7 + 19 + -8.
7
What is the value of (-6 - -2) + (-4 - -2 - -4)?
-2
What is 16 + -7 + -1 + -5?
3
Calculate 0 - (2 + 2 - 0 - 0).
-4
Calculate 17 - 21 - (0 + 1).
-5
Calculate (8 - -2) + 1 - (15 + -10).
6
-3 + 1 + 4 - 6 - -8
4
What is -2 - (-5 + -8 - -7)?
4
Evaluate 1 + (2 - 1) + (63 - 66).
-1
What is the value of (2 + 1 - 6) + 3 + -1?
-1
Evaluate -5 + (8 - 3) + 4.
4
Calculate (-2 - (-2 + 0)) + (39 - 37).
2
What is the value of 10 - (11 + -5 + 13)?
-9
What is -1 + -9 - 0 - (0 + -5)?
-5
Evaluate 9 - (7 + 9) - -7.
0
What is the value of 4 + -1 - 1 - (3 - 1)?
0
(14 - 11) + (2 - 6)
-1
Evaluate 3 - (-2 + -10 + 7 + -3).
11
What is -6 + -3 + -3 + 9?
-3
Evaluate 6 + (3 + 2 + -3 - 3).
5
Calculate (23 - 25) + (2 + -2 - 2).
-4
What is (-5 - (2 + -16 + 6)) + -10?
-7
What is (-2 - -2) + -2 + (-4 - -12)?
6
What is the value of (39 - 37) + -6 + (4 - 2)?
-2
Evaluate -4 + (-3 + 1 + -2 - -5).
-3
What is -10 - (8 - (4 + 14))?
0
-20 - (-27 - -15) - (-7 - 1)
0
8 + 0 - (-19 - -26)
1
What is -83 - -75 - (1 + -5)?
-4
Evaluate -1 + (0 - -8) + -1.
6
What is the value of (-1 - (-2 - 1)) + (148 - 143)?
7
What is the value of 3 + 0 + 1 + -1?
3
What is 4 - 7 - (2 + -8 + -2)?
5
Calculate 1 - -11 - (30 + -18).
0
(2 + -6 - (0 + -1)) + 4
1
Evaluate 3 - (3 + 7 + -9).
2
What is the value of -1 + (13 - 9 - 6)?
-3
What is the value of -2 + 14 - ((14 - -5) + -15)?
8
4 + (-1 - -1) + (2 - 1)
5
2 + -8 - 0 - (-4 - -4)
-6
1 - 0 - (0 + 5 - 8)
4
Calculate 2 + -12 - (2 + 2 - 10).
-4
What is 2 + 1 - (-17 + 25)?
-5
What is the value of -10 - 0 - -4 - -3 - -1?
-2
Evaluate (6 - 3 - 5) + -3 + 0.
-5
What is the value of -6 - -5 - 0 - (4 + -1)?
-4
Calculate 0 + (1 - (4 + 0)).
-3
Evaluate 3 - 4 - (0 - 0).
-1
Calculate -7 + 0 + 1 + 13 + 1.
8
Calculate 4 + (3 - (14 - -2 - 4)).
-5
What is 5 - 5 - -3 - 5?
-2
Calculate 0 - (2 + -3 + 4 + 0).
-3
What is -5 + (1 - 6 - -9)?
-1
Evaluate -1 + (0 - (4 - 12)).
7
What is -7 + (7 + 7 - 1)?
6
Evaluate 3 - 5 - 5 - -5.
-2
What is -23 + 30 - ((-4 - 1) + 4)?
8
What is 6 + 1 + (-6 - -2)?
3
0 - -1 - (3 - 0) - -2
0
Calculate -6 + -2 + 5 - -8.
5
What is the value of (-1 - 1) + 16 + -10?
4
What is the value of 1 + (-11 - -5) - 2?
-7
What is the value of -3 + 9 + 1 + -6?
1
What is the value of -4 + 4 + (6 - 1) + -4?
1
Calculate 3 - (2 + 2 + -5).
4
Calculate 0 - -2 - 1 - (-2 - -5).
-2
What is 7 - 8 - (1 + -12)?
10
Evaluate (-1 - (0 + (2 - 0))) + 4.
1
4 + 3 - (-1 - (3 + -8))
3
What is the value of 5 + 7 + (6 - (17 + -7))?
8
(-7 + 5 - (-3 - -1)) + -5
-5
7 - (1 + 1 + 0)
5
Evaluate (4 - (4 - (3 - 0))) + -1.
2
What is (2 - (2 + 3)) + 1?
-2
What is the value of -2 - (3 + (0 - 0)) - -2?
-3
What is the value of (6 - (0 + 1)) + 1 + -1?
5
Evaluate 2 - (-10 - (-2 - 1 - 2)).
7
2 - (-2 - (-3 - (2 + -3)))
2
What is the value of 0 - (5 - 2) - (-3 + 3)?
-3
What is the value of 8 + -8 - (-2 + -3)?
5
4 - (1 + (-1 - (4 - 4)))
4
Evaluate 2 + (2 - 2) + -4 + 9.
7
What is the value of (-1 - 4 - 5) + 6?
-4
What is the value of 0 + (1 + -1 + 2 - 4)?
-2
What is -5 + -1 - 3 - -12?
3
Evaluate -1 + (-4 + 3 + -3 - -3).
-2
What is -3 - ((4 - 7) + 11 - 10)?
-1
What is -4 - -1 - (4 + (-2 - 0))?
-5
Calculate -6 + 2 + 0 + (-9 - -13).
0
What is the value of -7 + (19 - (2 - -1)) + -7?
2
Evaluate (11 - ((-5 - -6) + 1)) + -7.
2
What is (-3 - -8) + -9 + (3 - -2)?
1
Evalua